Let l = -36 + 23. Suppose -36*u = -37*u - 23. Let p = l - u. What is the units digit of p?
0
Let h(g) = -g**3 + 9*g**2 - 2*g + 21. Let j = 36 + -27. What is the units digit of h(j)?
3
Let u(q) = 3*q**2 - 63*q + 62. What is the hundreds digit of u(26)?
4
What is the thousands digit of (-21)/(-6) - 3 - (-45067)/22?
2
Let d(v) = 3*v**2 - 16*v + 37. What is the hundreds digit of d(13)?
3
Let b = -41 - -17. Let d = b - -54. Suppose -2*k = k - d. What is the tens digit of k?
1
Let k = -493 - -489. Suppose -10 = 4*j + 54. What is the units digit of 294/k*j/24?
9
Suppose -j - 4*j = -35. Suppose -j*l + 310 = -5*l. Suppose -5*o = 4*s - 127, -l = 5*s - 10*s - 5*o. What is the units digit of s?
8
Let q(r) = -r**3 + 12*r**2 + 7*r + 11. Let p be q(11). Suppose -91 = -5*m + p. Suppose y = -y + m. What is the units digit of y?
0
Let r(n) = 135*n + 40. What is the units digit of r(2)?
0
Suppose -3*y = 33 - 927. What is the hundreds digit of y?
2
Let f(a) = -a - 14. Let l be f(-18). Suppose -s + 3*s + 4*r = 98, -l*s + 261 = -5*r. What is the tens digit of s?
5
Let w(f) = 67*f - 4. Suppose 4 = 8*v - 4. What is the tens digit of w(v)?
6
Suppose -11 = 2*t + 7. Let l = 8 + t. Let g(a) = -3*a. What is the units digit of g(l)?
3
Let y = 567 + 42. Let w = y + -308. What is the tens digit of w?
0
Let g(y) = 7*y - 8. Let p(b) = -14*b + 15. Let f(z) = -5*g(z) - 3*p(z). Let m be f(-7). What is the tens digit of (3 - -1 - m) + 4?
6
Suppose -403 = 5*r + h - 5885, 2194 = 2*r + h. What is the thousands digit of r?
1
What is the units digit of ((-4 - -2) + -1446)*(-35)/140?
2
Suppose -4*o - 65 = -21. Let h = 61 - o. What is the units digit of h?
2
Let g be -1 - (4*6)/(-4). Suppose 0 = -4*x + g*x - 44. Suppose -3*n + x = -52. What is the units digit of n?
2
Suppose 0 = -11*c + 3*c + 56. Suppose c*y = 2*y + 350. Let a = 125 - y. What is the units digit of a?
5
Let n be (-7)/2 - (-3)/(-6). Let p be (6 - 0)*n/(-3). Suppose p*o - 170 = 3*o. What is the tens digit of o?
3
Let t(l) = -8*l**2 + 3*l - 4. Let a be t(1). Let w(y) = -y**3 - 6*y**2 + 10*y - 4. What is the hundreds digit of w(a)?
1
Let z be -4*(4/(-26) - 77/91). What is the units digit of 5 - (z/(-6))/((-7)/(-21))?
7
Suppose -8 = 4*o - 8. Suppose o*n = 7*n - 343. What is the tens digit of n?
4
Let s(v) = -8*v - 13. Suppose 7*m + 23 = -47. What is the tens digit of s(m)?
6
Let r(z) = z**2 - 21*z + 56. Let d be r(4). Let s = 38 - 74. Let t = d - s. What is the tens digit of t?
2
Let l = 796 + -720. What is the units digit of l?
6
Let o = 197 - -274. What is the units digit of o?
1
What is the units digit of 30/6 + 189 + -1?
3
Suppose -231 - 594 = -3*y - 4*o, -4*y - 4*o = -1096. What is the tens digit of y?
7
Let y(u) = 15*u**2 - 6*u + 13. Let x(a) = 15*a**2 - 6*a + 12. Let c(l) = -5*x(l) + 6*y(l). What is the hundreds digit of c(4)?
2
Let n(w) = -14*w + 2. Let r = -68 + 55. What is the hundreds digit of n(r)?
1
Suppose 0 = -4*q + 4*c + 2904, 0 = 2*c - 12 + 4. Suppose -3*n - q = -8*n. Suppose -51 = 5*d - n. What is the units digit of d?
9
Suppose 0 = 3*t + n - 1414, -3*t - 5*n + 1390 = -10*n. Suppose 0 = -5*q + 2*m + t, -3*m + 207 = 3*q - q. What is the units digit of q?
6
Let k be (-6)/2 + 1 + 2. Suppose k = 3*x - 0 - 9. What is the units digit of -4*(-2)/(-4) + x?
1
Let x be 3/(-1)*(0 + 1) + 2. What is the units digit of (x - 0) + 268 + -22?
5
Let g(m) = 2*m**2 - 9*m. Let z be g(6). Let y = z - -99. What is the tens digit of y?
1
Let x = 0 + 0. Let o(d) = -d**2 + 4*d + 83. What is the units digit of o(x)?
3
Let h = 230 - 196. What is the units digit of h?
4
Suppose -4379*i + 8340 = -4373*i. What is the units digit of i?
0
Let o(g) = 2*g**3 + 22*g**2 + 8*g + 30. What is the tens digit of o(-10)?
5
Let g(j) = -36*j. Let t be g(-1). Let s = t + -30. What is the units digit of s?
6
Let h(k) = -5*k**3 + 8*k**2 - 14*k. Let t(i) = -4*i**3 + 9*i**2 - 14*i. Let o(v) = 3*h(v) - 4*t(v). What is the tens digit of o(11)?
3
Suppose 12*i - 325 = -73. What is the tens digit of i?
2
Suppose 58 - 10 = -4*h. Let j = h + 81. What is the tens digit of j?
6
Suppose 0 = -4*p - 4 - 20. Let n be 1 - -4*(3 + p). Let z = n - -15. What is the units digit of z?
4
Suppose 3*z + 12 = 3*l, 2*z - 2 = -4*l - z. What is the hundreds digit of 19*l*(12 - 4)?
3
Suppose f = -f + 60. Let g = f + 10. What is the tens digit of g?
4
Suppose 2*b - 35 = -29. Suppose -2*z = -3*j - 354, -b*j - 354 = -3*z + 171. What is the hundreds digit of z?
1
Suppose 5*z - 5*y = 325 + 295, 0 = -4*z + 2*y + 500. What is the hundreds digit of z?
1
Let g(d) = d**3 + 2*d**2 - d - 1. Let a be g(1). Let y = -2 - 4. What is the units digit of a - 0 - (5 + y)?
2
Suppose 0 = c - 0 - 6. Suppose -c + 174 = 4*r. Suppose -j - 54 = -4*t - t, 3*t = 3*j + r. What is the units digit of t?
0
Let o(i) = -4*i + 13. Let v be o(2). What is the hundreds digit of (110 + 1)/((-25)/v + 6)?
1
Let d = 1851 + -512. What is the units digit of d?
9
Let i(f) = -f**3 + 15*f**2 + 2*f - 7. What is the tens digit of i(-6)?
3
Suppose 5*b = 2*j + 3405, -3*j + 2757 = 4*b + 2*j. What is the units digit of b?
3
Suppose 5*x + 0*x = 2*v + 21, v + 2*x = 12. Suppose 6 = 3*b + 3*z + 3, -2 = v*b + 3*z. What is the units digit of -2*3/6 + b?
4
Let k(p) = -4*p + 2. Let m be k(-2). Suppose 15*f - 340 = m*f. What is the units digit of f?
8
Suppose 4*o = 3*o + 5*p + 885, o - 2*p = 876. What is the hundreds digit of o?
8
Let o be -1*(-2 - -2)/(-3). Suppose o = 3*l - 7*l - 12. Let f = 3 - l. What is the units digit of f?
6
Suppose -s - n - 43 = -5*s, 2*n - 14 = -2*s. Suppose s - 18 = -2*u. What is the units digit of u?
4
Suppose 2*v + 2*l + 0*l - 24 = 0, 0 = -4*v + 2*l + 24. Suppose n + v = 3*n. Suppose -n*u - 17 = -81. What is the units digit of u?
6
Let u = -621 - -885. What is the tens digit of u?
6
Let i = 25 - 12. Let s = -1078 - -1101. Let j = s - i. What is the units digit of j?
0
Suppose 2*a = 3*w - 324 + 6939, -2*w - 16554 = -5*a. What is the tens digit of a?
1
Suppose 2*q - 3*q + 3 = 0. Suppose -q = k - 2*k. What is the units digit of k?
3
Let b(m) = 124*m**3 + 3*m**2 + 20*m - 63. What is the hundreds digit of b(3)?
3
Let h be ((-108)/90)/(1/(-10)). Suppose -9*b - 195 = -h*b. What is the tens digit of b?
6
What is the tens digit of 107 - (-10 - -6) - 4?
0
Let j(l) = 3*l - 1. Let o = 9 - 8. Let z = o + 2. What is the units digit of j(z)?
8
Suppose 2*f = -2*f - 16. Let i be (2 - f - 3)/1. Suppose 22 = 2*d - 2*r, -d - i*r + 3 = 2*d. What is the units digit of d?
6
Let b be (19/5)/(2/10). Let p = 33 - b. What is the tens digit of p?
1
What is the thousands digit of (-16548)/35*35/(-14)?
1
Suppose -4*a - t = -2746, -t = 2*a - 6*t - 1384. What is the tens digit of a?
8
Suppose -v = 2*v. Suppose v = 5*y + 356 + 19. Let m = -51 - y. What is the tens digit of m?
2
Let v(w) = 11*w**2 - 2*w - 1. Let g be v(-1). Let d = -59 - -59. Suppose 8*b - g*b + 76 = d. What is the units digit of b?
9
Suppose 10671 = 9*w + 3669. What is the hundreds digit of w?
7
Let w(u) = 40*u**2 - 4*u - 4. What is the units digit of w(2)?
8
Suppose 5*g - 2729 = 2*i, g + 2*g - 4*i - 1643 = 0. Suppose g = -5*q + o, 0 = -q - 4*q - o - 555. Let m = 162 + q. What is the units digit of m?
2
Let a = 3 - 10. Let d = a - -32. What is the tens digit of d?
2
What is the hundreds digit of 6*(10 - 3059/(-14))?
3
Let f(n) = 101*n**3 - 2*n**2 + 7*n - 4. What is the units digit of f(2)?
0
Let z = -8472 + 12157. What is the tens digit of z?
8
Let c = 71 - 145. Let s = c + 128. What is the units digit of s?
4
Let h be 33*(4/(-4) + -2). Let d = 192 + h. Suppose -d = -4*o + o. What is the tens digit of o?
3
Suppose -13 = -r - 5. Suppose -5*w = -r*w. What is the units digit of (-17 + 0)*(w - 4)?
8
What is the units digit of (-84)/(-798) + (-34462)/(-38)?
7
Let b(j) = 11*j**3 - 2*j**2 - 20*j + 22. What is the units digit of b(4)?
4
Suppose -84 = -5*y + 3026. What is the units digit of y?
2
Let b(i) = 3*i**3 - 13*i**2 - 11*i + 22. What is the hundreds digit of b(7)?
3
Let b(y) = -y + 13. Let j be b(21). Let n(q) = q**3 + 9*q**2 + 7*q - 3. What is the units digit of n(j)?
5
Let y = -330 + 521. Suppose 4*c + 0*c - y = 5*t, -148 = -3*c - t. What is the units digit of c?
9
Let w be (-20 + 21)/(1/20). What is the units digit of (-289)/(-5) - (-4)/w?
8
What is the hundreds digit of (-1100